y 1?
0
Let g(r) = -18*r - 3. Suppose -7 = 5*v + 18. Let w be g(v). Suppose -w = 2*j - 5*j. What is the remainder when j is divided by 10?
9
Calculate the remainder when (-130)/(-30)*(1 + -4)*-4 is divided by 11.
8
Suppose -4*u + 8 = -4. Suppose -4*n - 229 = 4*m - 1, 279 = -5*m - u*n. What is the remainder when (-2)/5 + m/(-10) is divided by 3?
2
Suppose 0 = 2*x + 3*x - 280. Let d = -26 - -45. Calculate the remainder when x is divided by d.
18
Let i(a) be the third derivative of a**6/120 + a**5/10 + a**4/6 + a**3/2 + 7*a**2. Calculate the remainder when i(-4) is divided by 7.
5
Let d = -139 + 197. Suppose 0 = -3*l - 3*h + 34 + 8, 0 = -4*l - 5*h + d. What is the remainder when 33 is divided by l?
9
Let l(k) = k**3 + 6*k**2 + 2*k - 1. Let r(c) = 22*c - 2. Calculate the remainder when r(2) is divided by l(-2).
9
Let f = 24 + 26. Calculate the remainder when f is divided by 17.
16
Let o be (-3 + (-21)/(-6))*40. Let q = o + -13. Calculate the remainder when q is divided by 2.
1
Suppose -15 = -r + 64. Suppose 0*k = -k - 1, -k - r = -2*u. What is the remainder when u is divided by 10?
9
Let w(k) = -k**3 - 14*k**2 - 3*k - 13. Suppose 3*u - 139 - 29 = 0. What is the remainder when u is divided by w(-14)?
27
Suppose 3 = -3*g + 18. Suppose 11 + g = 4*q, 0 = -2*v + q. Suppose 7 = v*n - n. What is the remainder when 12 is divided by n?
5
Let l(v) = 4*v + 22. Let a(c) = -6*c - 33. Let m(w) = 5*a(w) + 7*l(w). Calculate the remainder when m(-8) is divided by 2.
1
Let v = -151 + 205. Suppose -18 = -2*d + 10. Calculate the remainder when v is divided by d.
12
Suppose 2*o - 60 = -3*o. Let r = 25 + -2. What is the remainder when r is divided by o?
11
Let m = 18 - 1. What is the remainder when m is divided by 9?
8
Let h = -6 + 55. Suppose h = 2*n + 7. Suppose -3*t + 3*c - n = -72, 4*t - 89 = -3*c. What is the remainder when t is divided by 7?
6
Let r be -2 + 3 + -85*1. Let y = 137 + r. Calculate the remainder when y is divided by 18.
17
Suppose -5*k = -6 - 4. Suppose 0 = -7*x + k*x. Suppose m - 4*a - 41 = x, -m + 0*m - 3*a = -55. Calculate the remainder when m is divided by 17.
15
Suppose -3*c = -c. Suppose c*u + 38 = 2*u. Calculate the remainder when u is divided by 10.
9
Suppose 3*o + 5*i - 1 - 59 = 0, 0 = -o + 4*i + 3. Let q = 51 - o. Suppose 0*z + 2 = z, t + 2*z - q = 0. What is the remainder when t is divided by 17?
15
Let g = -28 - -67. What is the remainder when g is divided by 20?
19
Suppose -3*g = -6*g - 9. Let a = g - -14. Calculate the remainder when 40 is divided by a.
7
Suppose -1 = -3*k + 2. Let h(j) = j**2 - j + 2. Let r be h(0). Let b = 0 + r. What is the remainder when b is divided by k?
0
Let c be 1/(-4) + 666/(-24). Let d = c + 57. Calculate the remainder when d is divided by 8.
5
Let q(y) = 9*y + 18. What is the remainder when q(13) is divided by 34?
33
Calculate the remainder when 21 is divided by (10/20)/(2/20).
1
Let k(l) = l**2 + 5*l. Suppose -5*w - 4*j = 8, -3*w + w - 11 = -j. Let z be k(w). Let x = 15 + z. What is the remainder when 32 is divided by x?
10
Suppose 4*c = 3*c + 12. Calculate the remainder when c is divided by (60/(-25))/(6/(-20)).
4
Suppose 6*r = 2*r + 44. What is the remainder when 32 is divided by r?
10
Let c(j) = 11*j - 34. What is the remainder when 59 is divided by c(5)?
17
Let n = -152 - -240. Calculate the remainder when n is divided by 23.
19
Let h(u) = 3*u - 3*u - u + 4. Suppose 0 = -0*c + c - 3*s + 12, 2*c = 5*s - 21. Calculate the remainder when 20 is divided by h(c).
6
Suppose -w + 5*w = 4*o - 44, 5*o - 95 = -3*w. Calculate the remainder when 45 is divided by o.
13
Suppose -l + 2*l = 7. Suppose 2*z + 0 = -6. Calculate the remainder when (-38)/(0 + z + 1) is divided by l.
5
Let t(b) = b**3 - 9*b**2 - 8. Let l be t(9). Let o = l + 8. Suppose o*j + 3*j = 39. What is the remainder when 36 is divided by j?
10
Let j(g) = 5*g**2 - 2*g + 3. Let i(l) = -l**2 - 6*l - 3. Let m be i(-5). Calculate the remainder when 36 is divided by j(m).
17
Let f(w) = w**2 + w - 10. Calculate the remainder when 36 is divided by f(-5).
6
Suppose -301 + 121 = -4*i. Let t(z) = -10*z - 17. What is the remainder when i is divided by t(-4)?
22
Suppose 16 = 3*c - 4*d, c + 0*c - 3 = -d. Let i(x) = 3 - 3*x**2 + 6*x - 5*x + 4*x**2 + 3. Calculate the remainder when i(0) is divided by c.
2
Suppose -5*c = -38 - 212. Let h = -216 - -233. What is the remainder when c is divided by h?
16
Let v(h) = -3*h - 7. Calculate the remainder when 5 - (0 + (-1 - -3)) is divided by v(-3).
1
Suppose 25*q - 5*q - 300 = 0. Let n(w) = -w**3 + 4*w**2 + 7*w - 6. Calculate the remainder when q is divided by n(5).
3
Suppose 5*v - o = 110, 5*v + 59*o - 54*o = 110. Let y = -76 - -119. What is the remainder when y is divided by v?
21
Suppose 4*s - 71 = -3*t, 2*t - s - 4*s = 32. Let g(f) = f**3 - 3*f**2 + 3*f - 3. Let j be g(3). What is the remainder when t is divided by j/(-15) - (-114)/10?
10
Let n(r) = 2*r**2 + 4*r + 2. Let j be n(-3). What is the remainder when 17 is divided by j/2 + (2 - 0)?
5
Let f(l) = -l**3 + 9*l**2 + 10*l - 6. What is the remainder when f(9) is divided by 22?
18
Suppose 0 = -o - 2*o - r + 49, -44 = -4*o + 4*r. What is the remainder when (o/4)/((-3)/(-12)) is divided by 8?
7
Let h be (-3)/(-2 + 21/11). Let i(w) = -3*w + 1. What is the remainder when 3 + h - 1*-2 is divided by i(-4)?
12
Suppose 2*c + 3*z - 11 = 0, -2*c + z - 7 = -2*z. Calculate the remainder when 3 - (c + 76/(-2)) is divided by 14.
12
Let i(c) be the second derivative of -c**4/12 + 7*c**3/6 + c**2 + 2*c. What is the remainder when (12 - -2 - -1)*1 is divided by i(6)?
7
Let i = 7 - 3. Suppose -8 = -i*j + 8*j. Calculate the remainder when j + 39*(-4)/(-6) is divided by 13.
11
Let m be 18/12*(-44)/(-2). Suppose 3*k + k + 4*y - 108 = 0, 2*k - 5*y - m = 0. What is the remainder when k is divided by 9?
6
Suppose p = -2*v + 2, 1 = -3*p - 4*v - 3. What is the remainder when (18 + -6)*(-2)/p is divided by 2?
1
Suppose -8*k + 15 = -3*k, 3*k + 71 = 2*i. Suppose -5*w + 2*m - 68 = 0, -5*w - 12 - i = 2*m. What is the remainder when 3/((-3)/3) - w is divided by 4?
1
Suppose 0 = -4*t + 2*r - r + 84, -2*r + 105 = 5*t. Calculate the remainder when 83 is divided by t.
20
Let h be 3/18 - 23/(-6). Suppose 0 + 8 = -h*w. Calculate the remainder when w*(1 - 23/2) is divided by 11.
10
Let n(h) = -h**3 + 2*h**2 - h + 3. Let w be n(3). Let b(o) = o**3 + 9*o**2 - 2*o + 11. What is the remainder when b(w) is divided by 10?
9
Suppose 0 = -o + 4*s + 14, 5*s + 17 = o - 0*s. Suppose -178 = -4*d - o*i, -4*d + 0*i = -2*i - 198. What is the remainder when d is divided by 12?
11
Suppose 6 = 5*y - 9. Let f be 7/(21/26)*-3. What is the remainder when f/(-3) - (-4)/(-6) is divided by y?
2
Suppose -5*d + 11 = -q, -4*q + 11 = -2*d + 1. Suppose 0*c - 6 = -d*c. Suppose -c*b - 20 = -i, -2*i + 4 + 6 = 2*b. What is the remainder when 29 is divided by i?
9
Let t(n) = n**3 - 15*n**2 + 15*n + 9. Calculate the remainder when 108 is divided by t(14).
16
Suppose 0 = -3*f - 5*f + 416. What is the remainder when 101 is divided by f?
49
Let a(h) = h**2 - 10*h - 10. Calculate the remainder when a(12) is divided by 3.
2
Let k(f) = -f**3 + f + 58. Let d = -94 - -114. Calculate the remainder when k(0) is divided by d.
18
Suppose -4*l = -0*l + 32. Suppose 5*d + n = -2*n, 5*d - n = -20. Let u = d - l. What is the remainder when u is divided by 2?
1
Suppose 0 = 4*w - 0 - 4, -s + 17 = -5*w. Calculate the remainder when s is divided by 8.
6
Let t = 10 - -7. Calculate the remainder when t is divided by 6.
5
Let x(y) = y**2 - 2*y. Let g = -9 - -17. Calculate the remainder when x(5) is divided by g.
7
Let k(l) = l**2 - 7. Let y(b) = b - 3. Let n be y(9). Calculate the remainder when k(n) is divided by 8.
5
Let q = 69 - 54. Suppose j = k + k - 14, 0 = -2*k - 5*j + 38. What is the remainder when q is divided by k*(-2)/(-6)*3?
6
Suppose -t - 2*j + 1 = 4, 0 = 2*j + 6. Let c = -9 - 1. Calculate the remainder when (16/c)/((-1)/5) is divided by t.
2
Let t(h) = -h + 7. Let d be t(0). Let m = 48 - d. Calculate the remainder when m is divided by 21.
20
Let m = 1 + 3. Suppose -2*c + c - 2*p = -25, -m*c + 144 = -3*p. Suppose 0 = 4*n - 8 - 60. Calculate the remainder when c is divided by n.
16
Let b(t) = -t**3 - 10*t**2 - 12*t - 7. Let u be b(-9). Suppose -x = 2 + 